ided by 353?
28
What is the remainder when 176 is divided by 36?
32
What is the remainder when 868 is divided by 67?
64
Calculate the remainder when 724 is divided by 55.
9
What is the remainder when 3910 is divided by 65?
10
Calculate the remainder when 2379 is divided by 114.
99
What is the remainder when 69 is divided by 29?
11
Calculate the remainder when 651 is divided by 338.
313
What is the remainder when 386 is divided by 79?
70
Calculate the remainder when 2375 is divided by 58.
55
Calculate the remainder when 184 is divided by 7.
2
Calculate the remainder when 53 is divided by 15.
8
Calculate the remainder when 89 is divided by 17.
4
Calculate the remainder when 1606 is divided by 124.
118
What is the remainder when 98 is divided by 11?
10
Calculate the remainder when 518 is divided by 20.
18
Calculate the remainder when 302 is divided by 38.
36
What is the remainder when 480 is divided by 236?
8
Calculate the remainder when 2448 is divided by 39.
30
Calculate the remainder when 171 is divided by 48.
27
What is the remainder when 2184 is divided by 189?
105
What is the remainder when 655 is divided by 47?
44
Calculate the remainder when 104 is divided by 27.
23
What is the remainder when 761 is divided by 15?
11
Calculate the remainder when 12787 is divided by 147.
145
Calculate the remainder when 230 is divided by 220.
10
What is the remainder when 507 is divided by 15?
12
What is the remainder when 1140 is divided by 7?
6
What is the remainder when 250 is divided by 78?
16
Calculate the remainder when 1565 is divided by 520.
5
Calculate the remainder when 5016 is divided by 314.
306
What is the remainder when 93 is divided by 34?
25
What is the remainder when 1168 is divided by 24?
16
What is the remainder when 1690 is divided by 18?
16
Calculate the remainder when 303 is divided by 18.
15
What is the remainder when 224 is divided by 78?
68
What is the remainder when 115 is divided by 43?
29
What is the remainder when 109 is divided by 29?
22
What is the remainder when 1047 is divided by 43?
15
Calculate the remainder when 30 is divided by 18.
12
What is the remainder when 35 is divided by 11?
2
Calculate the remainder when 235 is divided by 14.
11
What is the remainder when 121 is divided by 64?
57
What is the remainder when 3377 is divided by 13?
10
Calculate the remainder when 6179 is divided by 87.
2
Calculate the remainder when 357 is divided by 313.
44
Calculate the remainder when 152 is divided by 53.
46
Calculate the remainder when 477 is divided by 8.
5
Calculate the remainder when 513 is divided by 46.
7
Calculate the remainder when 66 is divided by 12.
6
Calculate the remainder when 201 is divided by 51.
48
Calculate the remainder when 35158 is divided by 120.
118
Calculate the remainder when 144 is divided by 130.
14
What is the remainder when 9925 is divided by 10?
5
What is the remainder when 333 is divided by 24?
21
What is the remainder when 85 is divided by 27?
4
Calculate the remainder when 183 is divided by 74.
35
What is the remainder when 1342 is divided by 26?
16
What is the remainder when 2158 is divided by 20?
18
What is the remainder when 182 is divided by 32?
22
Calculate the remainder when 300 is divided by 118.
64
Calculate the remainder when 1208 is divided by 12.
8
What is the remainder when 69 is divided by 36?
33
What is the remainder when 8316 is divided by 2070?
36
What is the remainder when 7504 is divided by 23?
6
Calculate the remainder when 10558 is divided by 5.
3
What is the remainder when 1728 is divided by 144?
0
What is the remainder when 5458 is divided by 35?
33
What is the remainder when 14071 is divided by 4690?
1
What is the remainder when 337 is divided by 68?
65
What is the remainder when 119 is divided by 40?
39
What is the remainder when 196 is divided by 71?
54
Calculate the remainder when 1164 is divided by 219.
69
Calculate the remainder when 55 is divided by 6.
1
Calculate the remainder when 6667 is divided by 230.
227
What is the remainder when 12809 is divided by 210?
209
What is the remainder when 131 is divided by 15?
11
What is the remainder when 1900 is divided by 38?
0
Calculate the remainder when 271 is divided by 46.
41
Calculate the remainder when 1095 is divided by 20.
15
What is the remainder when 85 is divided by 39?
7
What is the remainder when 44 is divided by 41?
3
Calculate the remainder when 6233 is divided by 3.
2
Calculate the remainder when 313 is divided by 113.
87
Calculate the remainder when 748 is divided by 108.
100
Calculate the remainder when 685 is divided by 4.
1
Calculate the remainder when 3360 is divided by 6.
0
What is the remainder when 2965 is divided by 38?
1
Calculate the remainder when 124 is divided by 43.
38
What is the remainder when 125 is divided by 18?
17
What is the remainder when 113 is divided by 31?
20
Calculate the remainder when 679 is divided by 38.
33
What is the remainder when 1175 is divided by 526?
123
What is the remainder when 587 is divided by 49?
48
Calculate the remainder when 49 is divided by 23.
3
What is the remainder when 203 is divided by 12?
11
What is the remainder when 156 is divided by 61?
34
Calculate the remainder when 2613 is divided by 119.
114
Calculate the remainder when 13744 is divided by 28.
24
Calculate the remainder when 924 is divided by 101.
15
Calculate the remainder when 786 is divided by 159.
150
Calculate the remainder when 62 is divided by 53.
9
Calculate the remainder when 455 is divided by 20.
15
Calculate the remainder when 67 is divided by 15.
7
Calculate the remainder when 1034 is divided by 173.
169
What is the remainder when 288 is divided by 156?
132
Calculate the remainder when 1461 is divided by 66.
9
Calculate the remainder when 591 is divided by 54.
51
Calculate the remainder when 637 is divided by 92.
85
Calculate the remainder when 117 is divided by 25.
17
Calculate the remainder when 346 is divided by 7.
3
What is the remainder when 186 is divided by 17?
16
Calculate the remainder when 20 is divided by 17.
3
Calculate the remainder when 514 is divided by 38.
20
What is the remainder when 922 is divided by 103?
98
Calculate the remainder when 239 is divided by 174.
65
What is the remainder when 93 is divided by 33?
27
What is the remainder when 599 is divided by 6?
5
Calculate the remainder when 321 is divided by 24.
9
What is the remainder when 464 is divided by 36?
32
Calculate the remainder when 1006 is divided by 19.
18
What is the remainder when 532 is divided by 89?
87
What is the remainder when 107 is divided by 11?
8
Calculate the remainder when 1921 is divided by 148.
145
Calculate the remainder when 268 is divided by 89.
1
Calculate the remainder when 262 is divided by 67.
61
Calculate the remainder when 195 is divided by 20.
15
What is the remainder when 17 is divided by 3?
2
Calculate the remainder when 126 is divided by 22.
16
Calculate the remainder when 3231 is divided by 11.
8
Calculate the remainder when 9130 is divided by 23.
22
What is the remainder when 285 is divided by 48?
45
What is the remainder when 141 is divided by 31?
17
What is the remainder when 4764 is divided by 2380?
4
Calculate the remainder when 719 is divided by 38.
35
Calculate the remainder when 5914 is divided by 29.
27
What is the remainder when 221 is divided by 28?
25
What is the remainder when 57 is divided by 20?
17
Calculate the remainder when 407 is divided by 29.
1
Calculate the remainder when 1757 is divided by 32.
29
Calculate the remainder when 62 is divided by 37.
25
Calculate the remainder when 276 is divided by 33.
12
Calculate the remainder when 658 is divided by 54.
10
What is the remainder when 630 is divided by 51?
18
Calculate the remainder when 43 is divided by 18.
7
What is the remainder when 493 is divided by 40?
13
Calculate the remainder when 3294 is divided by 157.
154
Calculate the remainder when 2182 is divided by 28.
26
Calculate the remainder when 166 is divided by 49.
19
Calculate the remainder when 1497 is divided by 100.
97
What is the remainder when 1072 is divided by 356?
4
Calculate the remainder when 613 is divided by 63.
46
Calculate the remainder when 606 is divided by 32.
30
Calculate the remainder when 847 is divided by 67.
43
Calculate the rem